{"id":9536,"date":"2021-10-22T15:37:56","date_gmt":"2021-10-22T13:37:56","guid":{"rendered":"https:\/\/modern-akupunktura.hu\/?post_type=review&#038;p=9536"},"modified":"2021-10-23T20:45:19","modified_gmt":"2021-10-23T18:45:19","slug":"az-ekcemam-2-het-alatt-eltunt","status":"publish","type":"review","link":"https:\/\/modern-akupunktura.hu\/en\/review\/az-ekcemam-2-het-alatt-eltunt\/","title":{"rendered":"My eczema disappeared in two weeks"},"content":{"rendered":"<p>I had been living with an eczema on my sacrum for years. It was not very unpleasant, it was only itching for short periods of time... But I decided to do something about it. Conventional medicine usually offers a cream with steroids for this problem, but I prefer natural healing methods... That's why I chose Lan's bio-thread acupuncture treatment.<\/p>\n\n\n\n<p>R\u00f6videsen bebizonyosodott, hogy j\u00f3l d\u00f6nt\u00f6ttem. Maguk a t\u0171sz\u00far\u00e1sok alig voltak \u00e9rezhet\u0151k, a kezel\u00e9s kb f\u00e9l \u00f3r\u00e1ig tartott. A Doktorn\u0151 figyelmeztetett, hogy val\u00f3sz\u00edn\u0171leg f\u00e1radtabb leszek a nap folyam\u00e1n, ennek pont az ellenkez\u0151je k\u00f6vetkezett be: feldobott voltam \u00e9s energikus. A kapott gy\u00f3gyn\u00f6v\u00e9nyes kr\u00e9met m\u00e9g aznap elkezdtem haszn\u00e1lni \u00e9s p\u00e1r nap m\u00falva m\u00e1r \u00e9rezhet\u0151 volt a javul\u00e1s. Az ekc\u00e9ma 2 h\u00e9t alatt szinte teljesen felsz\u00edv\u00f3dott, a b\u0151r m\u00e9g nem annyira sima, mint m\u00e1shol, de lehet ezt m\u00e1r csak \u00e9n \u00e9rzem \u00edgy \ud83d\ude42<\/p>\n\n\n\n<p>Another unexpected positive effect is that the number of my nightly wake-ups has reduced, I sleep through the nights more often without visiting the toilet. And somehow I have felt more stable since the treatment. <\/p>\n\n\n\n<p>\u00c9s b\u00e1r a probl\u00e9m\u00e1m \u2013 amivel a Doktorn\u0151t felkerestem \u2013 meggy\u00f3gyult, az\u00e9rt javasolt h\u00e1rom kezel\u00e9st mindenk\u00e9ppen ig\u00e9nybe fogom venni \u00e9s nagyon k\u00edv\u00e1ncsi vagyok, milyen tov\u00e1bbi v\u00e1ltoz\u00e1sok lepnek meg \ud83d\ude42<\/p>\n\n\n\n<p>Thank you so much, dear Doctor Lan!<\/p>","protected":false},"featured_media":9539,"template":"","categories":[5],"tags":[25],"acf":[],"_links":{"self":[{"href":"https:\/\/modern-akupunktura.hu\/en\/wp-json\/wp\/v2\/review\/9536"}],"collection":[{"href":"https:\/\/modern-akupunktura.hu\/en\/wp-json\/wp\/v2\/review"}],"about":[{"href":"https:\/\/modern-akupunktura.hu\/en\/wp-json\/wp\/v2\/types\/review"}],"wp:featuredmedia":[{"embeddable":true,"href":"https:\/\/modern-akupunktura.hu\/en\/wp-json\/wp\/v2\/media\/9539"}],"wp:attachment":[{"href":"https:\/\/modern-akupunktura.hu\/en\/wp-json\/wp\/v2\/media?parent=9536"}],"wp:term":[{"taxonomy":"category","embeddable":true,"href":"https:\/\/modern-akupunktura.hu\/en\/wp-json\/wp\/v2\/categories?post=9536"},{"taxonomy":"post_tag","embeddable":true,"href":"https:\/\/modern-akupunktura.hu\/en\/wp-json\/wp\/v2\/tags?post=9536"}],"curies":[{"name":"wp","href":"https:\/\/api.w.org\/{rel}","templated":true}]}}

<p>I had been living with an eczema on my sacrum for years. It was not very unpleasant, it was only itching for short periods of time... But I decided to do something about it. Conventional medicine usually offers a cream with steroids for this problem, but I prefer natural healing methods... That's why I chose Lan's bio-thread acupuncture treatment.</p>



<p>Rövidesen bebizonyosodott, hogy jól döntöttem. Maguk a tűszúrások alig voltak érezhetők, a kezelés kb fél óráig tartott. A Doktornő figyelmeztetett, hogy valószínűleg fáradtabb leszek a nap folyamán, ennek pont az ellenkezője következett be: feldobott voltam és energikus. A kapott gyógynövényes krémet még aznap elkezdtem használni és pár nap múlva már érezhető volt a javulás. Az ekcéma 2 hét alatt szinte teljesen felszívódott, a bőr még nem annyira sima, mint máshol, de lehet ezt már csak én érzem így 🙂</p>



<p>Another unexpected positive effect is that the number of my nightly wake-ups has reduced, I sleep through the nights more often without visiting the toilet. And somehow I have felt more stable since the treatment. </p>



<p>És bár a problémám – amivel a Doktornőt felkerestem – meggyógyult, azért javasolt három kezelést mindenképpen igénybe fogom venni és nagyon kíváncsi vagyok, milyen további változások lepnek meg 🙂</p>



<p>Thank you so much, dear Doctor Lan!</p>
